o + 1845. What is the tens digit of c(-13)?
3
Let z(a) = a**3 + 16*a**2 + 13*a + 1. Let t be 9/((-180)/16)*(-5)/2. Suppose -r - t*x - 13 = 0, 64 = -r - 3*r + 4*x. What is the units digit of z(r)?
1
Let q(s) = -s**3 + 4*s**2 - s + 1. Let m be q(3). Suppose -2*j = -9*j - m. What is the units digit of 49*(-2)/(-1 + j)?
9
Let y(t) = -3*t + 23. Let f be y(6). Suppose -4*w - 2781 = -f*z, z + 3*w + 554 = 2*z. What is the units digit of z?
7
Suppose 6 = -i + 3*i. Let g be ((-1)/(i/(-16)))/(10/855). Suppose 4*p = 32 + g. What is the units digit of p?
2
Suppose b = -3*i - 4*b + 34, -23 = -i - 4*b. Suppose 2*v + 18 = -v - 3*j, 5*v + i*j + 26 = 0. Let x(g) = 5*g**2 + 12*g + 1. What is the units digit of x(v)?
3
Let d(a) = -261*a**3 + a**2. Let k be d(-1). Suppose -2*s = -372 + k. What is the tens digit of s?
5
Suppose 24*s = 18*s + 48198. What is the thousands digit of s?
8
Let g(d) = d**3 - 2*d**2 + d + 1. Let s(u) = -6*u**3 + 10*u**2 + 6*u + 2. Let p(n) = -4*g(n) - s(n). What is the tens digit of p(6)?
9
Let a(d) = -d**3 + d**2 + d + 95. Let m(f) = -8*f - 22. Let g be m(-9). Let n = 50 - g. What is the tens digit of a(n)?
9
Suppose 0 = j - 4*n + 987, 5*j + n + 4956 = -0*n. Let a = -423 - j. What is the units digit of a?
8
Let k = 628 - 595. What is the tens digit of (-4)/(-12)*4138 - (-22)/k?
8
Suppose 0 = p - 3*w - 18933, -8*w = -4*p - 10*w + 75788. What is the tens digit of p?
4
Let w(u) = 1845*u - 2153. What is the units digit of w(6)?
7
Let l(t) = t**3 - 5*t**2 + 6*t + 3. Let n be l(3). Suppose -y - 182 = -n*y. Let c = -33 + y. What is the units digit of c?
8
Let w(p) = -1823*p - 1395. What is the units digit of w(-6)?
3
Suppose -26*d = 116*d - 2852354. What is the thousands digit of d?
0
Suppose -5*r = 5*q - 790, -2*r - 3*r - 4*q + 792 = 0. Suppose 0*v + r = v. Let k = -19 + v. What is the units digit of k?
1
Let v = -47 - -83. Let x = v - 36. Suppose -2*p + x*p = -4. What is the units digit of p?
2
Let a be (2/(4/(-1)))/(4/(-40)). Suppose 3*g + 0 = -h + 12, -4*h + 20 = a*g. Suppose -2*p + 6*p - 88 = h. What is the tens digit of p?
2
Suppose 0 = -12*m - 662 - 7978. Let d(k) = -k - 8. Let t be d(0). What is the units digit of 8/(-2) + m/t?
6
Let s(q) = -q**3 + 19*q**2 - 10*q + 41. Let u be s(19). Let m be -2*(2 - (-53)/2). Let y = m - u. What is the tens digit of y?
9
Let v be 145/(-203) + 340/(-14). What is the tens digit of 1047 - (20/v + 102/15)?
4
Suppose 4*h = -3*f + 913, f - 309 = 20*h - 19*h. What is the units digit of f?
7
Let h(n) = 16*n**3 - 17*n**3 + 18*n**2 + 2 + 13*n**2 + 3*n - 15*n**2 + 0*n. What is the hundreds digit of h(10)?
6
Let j = -21058 - -95380. What is the units digit of j?
2
Suppose 2*q + 4*i = 4208 + 2176, 2*i = 4*q - 12788. What is the thousands digit of q?
3
Suppose -2*n - 15066 = -4*n - 5*u, 0 = 3*n + 2*u - 22588. Suppose 0 = -2*o + 5*h + 2996, o + 4*o - 3*h - n = 0. What is the units digit of o?
8
Let d(u) = 22*u + 812. Let j be d(-79). Let a = -9 - -2. What is the units digit of ((-8)/28 + j/a)/1?
2
Suppose 1343*u - 46458 = -5*a + 1340*u, 4 = 4*u. What is the hundreds digit of a?
2
Let o(x) = -x**3 + 14*x**2 - 4*x + 26. Let q(z) = z**2 - 10*z + 30. Let n be q(8). Let s be o(n). What is the tens digit of (24/s)/((-8)/180)?
1
Let n be (-1)/(4/8*-2) - 3. Let z be 15*(-1)/(n/(-1))*2. Let w(s) = -s + 32. What is the units digit of w(z)?
7
Let z(x) be the second derivative of -x**5/5 + 5*x**3/2 + 4*x**2 + x - 18. What is the tens digit of z(-6)?
8
Let n = 76867 + -23867. What is the ten thousands digit of n?
5
Suppose -k - 2*k + 5*g + 1451 = 0, 15 = 3*g. Let p = 708 - k. Let v = p + -138. What is the units digit of v?
8
Let s(w) = -199*w**3 - 9*w**2 - 52*w + 138. What is the tens digit of s(-6)?
1
Let h(p) = 172*p**3 - 339*p**3 + 168*p**3 - 9 + 10*p**2 + 14*p. What is the units digit of h(-8)?
7
Let c(z) be the third derivative of 11*z**4/24 + 421*z**3/6 + 29*z**2. What is the units digit of c(0)?
1
Let q be (53/(-159))/((-2)/198). What is the hundreds digit of (3 - 6 - 0)*(-7381)/q?
6
Let q = -440 + -243. What is the hundreds digit of q/(-5) + (-1)/(-15)*-9?
1
Let s(n) = -105*n + 3163. What is the units digit of s(-94)?
3
Let c = -76 - -193. Let r = 110 - c. Let b(n) = 3*n**2 + 4*n + 8. What is the tens digit of b(r)?
2
Suppose 4*z - 28 = 4*s - 0*s, 3*s = -4*z. Suppose 4*k + 8 = -4, -b = z*k - 351. What is the units digit of b?
0
Let l = -170 - -107. Let k = 67 + l. Let t(q) = 3*q**3 - 6*q**2 + 3*q - 3. What is the tens digit of t(k)?
0
Let j(q) = 369*q**2 - 3*q - 4. Let u be 12/36*(1 + -4). What is the hundreds digit of j(u)?
3
Suppose 2*a = 2*b - 20, -26*b = -21*b + a - 20. Suppose -13*q + 14*q = b*w - 5552, -5*q + 15 = 0. What is the thousands digit of w?
1
Let r be (-7 + 7)/(16 + -9). Let b = 54 - -226. Suppose r = 4*u + 2*i + 3*i - 532, i = 2*u - b. What is the units digit of u?
8
Let g = 10002 + -4659. What is the hundreds digit of g?
3
Suppose 4*s + 42*p = 45*p + 42601, -3*p = -2*s + 21293. What is the thousands digit of s?
0
Let o be 3*10/8*(-68)/(-51). Suppose 0 = -o*j - 5*b + 6275, -5038 = -4*j + 22*b - 20*b. What is the hundreds digit of j?
2
Suppose 69 = -5*t - 3*r, -3*t = -7*t - 2*r - 54. Let x be (((-175)/4)/1)/(t/48). Suppose -15 = 4*n - x. What is the tens digit of n?
4
Suppose -11*i + 362 = -g - 6*i, 0 = 4*g + 2*i + 1514. Let d = 1140 + g. What is the units digit of d?
3
Let s(x) = -4*x. Let q be s(5). Let d(f) be the third derivative of -5*f**4/24 + f**3/2 - 373*f**2. What is the tens digit of d(q)?
0
Let q(s) = -246*s + 257. What is the hundreds digit of q(-34)?
6
Suppose 0 = -3*m + 14 - 20. Let j(t) be the third derivative of -9*t**4/8 - t**3 - 4*t**2. What is the tens digit of j(m)?
4
Let n(q) = -q**3 - 9*q**2 + 25*q + 26. Let d(f) = 5*f + 9. Let r be d(-4). Let y be n(r). What is the hundreds digit of (36/y)/((-6)/126)?
1
Let a be (-4)/(-24) + (-10)/(-12). What is the hundreds digit of a*(328 - -1)*1?
3
What is the thousands digit of (-2 - 22/(-8))*(5 + 13011 + -8)?
9
Let q(s) = 14384*s + 33. What is the thousands digit of q(2)?
8
Suppose -6*d - 25424 = -8*d - 2*k, 6*k - 6 = 0. What is the tens digit of d?
1
What is the hundreds digit of -16 - (-142)/9 - (-115456)/18?
4
Let o = 35 - 30. Suppose -7*p = -o*p - 2. What is the units digit of (2 - -10) + 3 + p?
6
Suppose -2*d - 13*t + 37 = -8*t, -4*t = d - 23. Suppose 281 + 2711 = d*o. What is the units digit of o?
2
Suppose 4*p - 98 = 3*v + 825, 5*v - 3*p = -1520. Let z = v + 899. What is the units digit of z?
8
What is the units digit of (-483)/(-1288) + (-23610)/(-16)?
6
Let z(c) = 3*c - 11*c + 4*c + 16. Let h be z(8). Let f = h - -59. What is the tens digit of f?
4
Suppose -2*z = -4*g + 66, 5*g = 4*g + 4. Suppose 2*k = 30 + 234. Let x = z + k. What is the hundreds digit of x?
1
Let u = -61 - -13. Let g = u + 51. Suppose -g*j = -26 + 2. What is the units digit of j?
8
Suppose -189294 = -80*n + 38*n. What is the thousands digit of n?
4
Suppose 2*k - 5*a = -0*k, 0 = 4*k + 3*a. Suppose -5*d + 57 = -2*v, -v + 2*d = -k*v + 30. Let q = 16 - v. What is the units digit of q?
2
Suppose 78*l = 80*l - 8. Suppose 2*y + 0*z - 927 = z, l*y + z = 1839. What is the units digit of y?
1
Suppose -26*g + 24*g + 6 = 0. Suppose -4*t + 9 = -3*i, -g*t + 0*i - 3*i = 9. Suppose t = 3*s + b - 584, b = 3*s - 367 - 219. What is the tens digit of s?
9
Let f(c) = 2*c**3 + 4*c**2 + 47. What is the units digit of f(13)?
7
Suppose 3*t + 18 = 2*g, 3*t + 5*g + 6 = 2*t. Let h(v) = 2*v + 13. Let l be h(t). Suppose 0 = 5*r + 4 + l, -342 = -5*b - 3*r. What is the tens digit of b?
6
Suppose -15*t + 19*t = -3440. Let n = t + 1443. What is the tens digit of n?
8
Suppose -13*h + 11*h = -4. Suppose 3*v = h*v - 4. What is the units digit of (-2 + 49)*-1*(2 + v)?
4
Let k(h) = 12*h + 19. Let x be k(6). Let t be 3/(2/(x + 3)). Suppose -4*i = -l + t, 2 + 4 = 3*i. What is the tens digit of l?
4
Let i(z) = -z**3 - 35*z**2 - z - 21. Let s be i(-35). Let a(w) = -18*w + 56. Let j(u) = 17*u - 56. Let k(q) = 2*a(q) + 3*j(q). What is the tens digit of k(s)?
5
Let j(a) = -3*a**2 + 14*a - 14. Let r be j(4). Let y(m) = m**3 + 6*m**2 + 2*m + 9. Let g be y(r). What is the tens digit of g - 172/(-60) - 5584/(-30)?
8
Suppose 12*d - 10*d = -346. Let h = 647 + d. What is the hundreds digit of h?
4
Let b = -17 + -9.